-182
Let s(z) = z**2 + 267*z + 17180. Calculate s(-108).
8
Let t(s) = -141*s + 324. Determine t(22).
-2778
Let y(u) = -6890*u - 20665. Determine y(-3).
5
Let k(d) = -62958*d - 2455360. What is k(-39)?
2
Let d(r) = 133521*r + 267045. Determine d(-2).
3
Let f(d) = 1132*d - 71070. Determine f(63).
246
Let k(a) = 7157*a + 36006. Give k(-5).
221
Let l(t) = -224*t + 21318. What is l(95)?
38
Let u(c) = 37*c**3 - 443*c**2 - 6*c - 62. Calculate u(12).
10
Let k(v) = -3*v**3 - 16*v**2 + 227*v + 1289. Determine k(-8).
-15
Let y(q) = -q**3 + 29*q**2 - 68*q + 323. Determine y(27).
-55
Let n(h) = 8*h**3 + 172*h**2 - 24*h - 2251. What is n(-21)?
17
Let p(x) = x**3 - 23*x**2 + 119*x - 89. Calculate p(19).
728
Let z(y) = -275134*y + 4126915. Give z(15).
-95
Let h(f) = 2*f**2 + 14479*f - 684923. Determine h(47).
8
Let p(i) = -25*i**2 - 292*i - 1722. Give p(-6).
-870
Let a(v) = 150*v**2 + 1073*v - 2483. Give a(-9).
10
Let c(b) = 9022*b + 369887. What is c(-41)?
-15
Let f(q) = -1143*q**3 - q**2 + 8*q + 8. What is f(-1)?
1142
Let r(g) = g**3 - 4*g**2 - 967*g + 397. What is r(33)?
67
Let i(c) = 5021*c + 15458. Give i(-3).
395
Let w(z) = -834*z + 22331. Give w(27).
-187
Let m(n) = -35*n**2 + 2868*n + 184. Calculate m(82).
20
Let r(h) = 5*h**2 + 123*h - 5118. Give r(22).
8
Let a(r) = 476*r**2 - 162*r + 10. Calculate a(1).
324
Let u(z) = -145*z - 9182. Calculate u(-62).
-192
Let c(w) = 943*w - 9694. Calculate c(10).
-264
Let q(v) = 198821*v + 1789485. Determine q(-9).
96
Let s(l) = 2*l**2 - 1290*l - 14292. Determine s(-11).
140
Let g(y) = -9*y**2 - 233*y + 4160. What is g(-38)?
18
Let f(y) = 1289*y**2 + 113*y - 121. Give f(1).
1281
Let j(f) = -757*f**2 + 4432*f + 16. Determine j(6).
-644
Let r(z) = z**2 - 961*z + 211696. Calculate r(619).
-2
Let x(a) = 3*a**3 - 212*a**2 + 152*a - 832. What is x(70)?
8
Let w(l) = 1240*l + 39418. Calculate w(-32).
-262
Let v(c) = -40*c**2 + 176*c - 441. What is v(6)?
-825
Let n(f) = -276*f - 5430. Calculate n(-20).
90
Let t(x) = -x**3 + 20*x**2 + 4066*x - 14388. Calculate t(73).
-7
Let b(t) = -t**3 - 217*t**2 + 4*t + 864. Calculate b(-217).
-4
Let q(j) = -j**2 + 2029*j + 78630. Calculate q(-38).
84
Let l(c) = -5596*c - 1068848. What is l(-191)?
-12
Let k(s) = -261*s - 12240. Calculate k(-48).
288
Let l(p) = p**3 - 25*p**2 + 165*p - 629. Determine l(24).
2755
Let z(d) = -5*d**2 - 142*d + 7013. Calculate z(26).
-59
Let r(j) = -5*j**2 + 1049*j - 24147. What is r(23)?
-2665
Let d(q) = 11*q**2 + 19*q - 253. Give d(23).
6003
Let m(r) = r**2 + 15318*r + 336513. What is m(-22)?
1
Let z(d) = -49240*d - 98807. What is z(-2)?
-327
Let j(x) = -21*x + 2239. What is j(113)?
-134
Let n(f) = f**3 + 168*f**2 + 1587*f + 1472. Determine n(-9).
68
Let p(k) = 8*k**2 - 253*k + 2444. Determine p(23).
857
Let c(y) = y**2 - 2065*y - 16552. What is c(-8)?
32
Let w(h) = 3*h**2 + 174*h - 411. Calculate w(-50).
-1611
Let y(q) = 141*q - 4501. Give y(32).
11
Let w(q) = -312904*q - 1. Determine w(0).
-1
Let g(y) = 69*y**2 + 8824*y - 1019. What is g(-128)?
5
Let t(r) = 977*r + 60446. What is t(-62)?
-128
Let n(b) = 151*b**3 - 604*b**2 + 8*b - 27. Calculate n(4).
5
Let z(n) = -128611*n + 1157498. Give z(9).
-1
Let h(w) = -229*w - 2357. Determine h(-10).
-67
Let r(s) = s**3 + 77*s**2 + 135*s - 3444. What is r(-75)?
-2319
Let i(k) = -563*k**2 - 4329*k - 27. Give i(-8).
-1427
Let u(z) = -399*z - 1747. What is u(-5)?
248
Let r(l) = 4*l**3 + 563*l**2 + 396*l - 3405. Give r(-140).
-45
Let x(g) = -13*g**2 - 4209*g + 5189. What is x(-325)?
-11
Let i(k) = -k**3 - 34*k**2 + 1925*k - 2853. Determine i(29).
-11
Let z(r) = -351*r**2 + 18*r - 19. Calculate z(2).
-1387
Let d(h) = -36*h - 5094. What is d(-112)?
-1062
Let r(n) = -894*n - 263583. Give r(-295).
147
Let s(d) = -248*d + 9584. What is s(37)?
408
Let w(b) = 7*b**2 + 114*b - 109. Calculate w(-17).
-24
Let z(d) = 6*d**2 + 13*d - 127. Give z(-14).
867
Let l(d) = -2*d**2 + 58664*d + 3527036. Calculate l(-60).
-4
Let t(a) = -a**3 - 3*a**2 + 264*a - 207. What is t(-18)?
-99
Let p(b) = -3*b**3 + 105*b**2 + 341*b + 43. What is p(-3)?
46
Let z(f) = 2*f**2 - 1189*f + 20452. Calculate z(17).
817
Let m(f) = 2061*f - 15608. Give m(5).
-5303
Let y(r) = r**3 - 106*r**2 + 1768*r - 191. Calculate y(85).
-1636
Let t(r) = -r**3 + 509*r**2 - 3513*r + 8. Calculate t(7).
15
Let s(z) = -2*z**3 + 438*z**2 + 4129*z - 5675. Give s(228).
25
Let k(q) = q**2 + 388*q + 5192. What is k(-14)?
-44
Let f(b) = 3640*b + 7992. Determine f(-2).
712
Let g(i) = -10*i**2 - 62981*i + 252080. Calculate g(4).
-4
Let i(t) = -224*t - 25638. What is i(-119)?
1018
Let l(f) = -f**3 + 26*f**2 + 837*f + 896. Calculate l(-18).
86
Let u(q) = 60*q**2 - 369*q - 89. Calculate u(9).
1450
Let x(i) = -i**3 + 347*i**2 - 668*i - 8165. What is x(345)?
-575
Let a(b) = -5*b**3 - 33*b**2 + 2616*b - 5065. What is a(2)?
-5
Let x(b) = -b**3 + 321*b**2 + 10144*b + 650. Calculate x(350).
-1450
Let b(v) = -1426506*v - 1426450. Determine b(-1).
56
Let r(v) = 608*v - 7200. What is r(11)?
-512
Let q(i) = -7*i**3 + 133*i**2 - 10*i - 114. Give q(19).
-304
Let t(m) = 4*m**2 + 259*m + 3656. What is t(-44)?
4
Let v(g) = 2*g**3 + 146*g**2 + 2629*g + 238. Determine v(-41).
33
Let z(h) = -4*h**2 - 139*h - 205. What is z(-40)?
-1045
Let m(f) = -22*f**2 - 17525*f + 42351. Calculate m(-799).
4
Let i(p) = -p**2 - 2032*p - 194975. Give i(-101).
56
Let h(x) = -4*x**2 + 1160*x - 2318. Give h(2).
-14
Let o(c) = -6*c**3 - 3*c**2 + 19*c + 28. Calculate o(-4).
288
Let v(s) = -3874*s - 8174. What is v(-2)?
-426
Let n(x) = -25*x**3 - 202*x**2 - 26*x - 101. Calculate n(-8).
-21
Let k(m) = -3*m**3 - 11*m**2 - 743*m + 1495. Calculate k(2).
-59
Let w(m) = -2624*m + 89207. Give w(34).
-9
Let z(o) = -448886*o + 3591141. Give z(8).
53
Let m(k) = 19507*k + 370567. Calculate m(-19).
-66
Let z(f) = -4*f**2 - 29*f - 395. Determine z(-25).
-2170
Let z(s) = -s**3 - 736*s**2 + 1203*s + 1424433. What is z(-735)?
3
Let d(b) = -105*b - 3917. Give d(-25).
-1292
Let l(j) = 4040*j - 24581. Give l(6).
-341
Let t(r) = -31149*r - 10248016. Calculate t(-329).
5
Let y(h) = -1221*h + 51061. Give y(42).
-221
Let s(p) = -3781*p - 3890. What is s(-1)?
-109
Let v(f) = -2*f**2 - 964*f - 91946. Determine v(-351).
16
Let j(n) = -286*n + 936. Calculate j(3).
78
Let b(j) = -2*j**3 + 1071*j**2 - 690*j + 82893. What is b(535)?
-32
Let q(z) = -z**2 + 15515*z - 92996. What is q(6)?
58
Let g(a) = -26*a + 100. Determine g(-16).
516
Let t(v) = 1610*v + 12550. Calculate t(-8).
-330
Let c(z) = z**2 - 3379*z - 13543. What is c(-4)?
-11
Let y(r) = -5*r**2 + 75*r - 1445. What is y(24)?
-2525
Let v(r) = 13*r**2 - 5681*r + 60922. Calculate v(426).
4
Let s(h) = -h**3 + 44*h**2 - 124*h - 1593. Give s(40).
-153
Let u(r) = r**3 + 184*r**2 - 200*r - 2755. Calculate u(-185).
20
Let f(a) = 9304*a**2 - 5052074*a + 1096. Calculate f(543).
10
Let t(b) = -b**3 + 15*b**2 - 7415*b + 36822. Calculate t(5).
-3
Let u(y) = -y**3 - 13*y**2 + 1586*y + 3276. What is u(35)?
-14
Let d(j) = 96*j**2 - 930*j - 18. Determine d(10).
282
Let v(h) = 12123*h + 1260797. Give v(-104).
5
Let l(d) = 244*d + 60669. What is l(-249)?
-87
Let o(m) = 1303*m**2 + 10417*m - 52. Calculate o(-8).
4
Let h(b) = 47*b + 683. Determine h(-12).
119
Let q(s) = -2*s**3 + 529*s**2 - 1319*s + 2376. Calculate q(262).
18
Let q(h) = -2*h**3 - h**2 - 10533*h + 21082. Determine q(2).
-4
Let l(q) = q**3 - 190*q**2 - 829*q + 10243. Give l(194).
-39
Let u(c) = 537189*c - 2685933. What is u(5)?
12
Let s(j) = -j**3 - 20*j**2 + 2138*j + 24583. Calculate s(-11).
-24
Let p(r) = -89*r**2 + 10188*r - 20371. What is p(2)?
-351
Let p(f) = -82*f**2 - 53*f + 673. Calculate p(3).
-224
Let u(j) = -7750*j - 914464. Calculate u(-118).
36
Let w(c) = -11869*c + 47260. Calculate w(4).
-216
Let m(w) = -39*w - 226. Calculate m(-4).
-70
Let h(f) = f**3 - 57*f**2 - 13*f + 78. Determine h(57).
-663
Let y(x) = -x**3 - 5*x**2 + 535*x + 45. Give y(-26).
331
Let g(z) = -z**3 + 910*z**2 - 205169*z - 2891. Calculate g(412).
-7
Let q(c) = -1150*c + 258766. Determine q(225).
16
Let v(w) = -121*w**2 - 10644*w + 171. What is v(-88)?
-181
Let n(r) = -3*r**3 + 7*r**2 - 64*r - 142. Determine n(-3).
194
Let t(z) = -148*z**3 + 5920*z**2 + 8*z - 147. What is t(40)?
173
Let p(v) = -7381*v - 1963330. Give p(-266).
16
Let h(n) = -16722*n + 334567. Calculate h(20).